der when 9 is divided by (-5 - -7)*5/s?
4
Let v be 0/1 - (2 + -4). Suppose -v*w + w + 7 = 0. Suppose 2*r = 5*r - 12. What is the remainder when w is divided by r?
3
Let v = -26 + 37. Suppose -32 - 48 = -4*g. Calculate the remainder when g is divided by v.
9
Suppose 2*i = -5*n + 36, -3*i + 0*i = 3*n - 63. Let d(r) = 3*r + 5*r**2 + 1 - 2 + 2*r**2 - 5*r**2. Calculate the remainder when i is divided by d(-3).
7
Suppose -n - 3*n = 2*c - 16, -5*n + c + 6 = 0. Suppose n*x = y + 15, 5*y = -3*x + y - 5. Calculate the remainder when 8 is divided by x.
3
Suppose -k = k - 8. Let a be 1 + -2 + 2/2. What is the remainder when (2 + a)/((-4)/(-20)) is divided by k?
2
Suppose 0 = 2*h - 20 - 10. What is the remainder when 43 is divided by h?
13
Suppose -4*d = 3*t - 25, -5*d - 2*t + 0*t + 26 = 0. Let m(c) = 6*c**3 + d - 5*c**3 + 2*c + c**2 + 3*c**2. What is the remainder when m(-3) is divided by 4?
3
Let t = 48 - 26. Let p(u) = 3*u**2 + 5*u - 3. Calculate the remainder when p(4) is divided by t.
21
Suppose 30 = a + 2*a. Suppose 0 = -h + 3*g - a, 3*h + 0*g = 2*g - 9. Calculate the remainder when 40 is divided by 2/(-1) - (h + -22).
19
Let k = 5 - -1. Let i(w) = -2*w + 7. Let p(u) = -u**2 - 8*u - 7. Let s be p(-8). Calculate the remainder when i(s) is divided by k.
3
Let u = -81 + 304. What is the remainder when u is divided by 14?
13
Let x = -5 + 8. Suppose 5*a - p - 23 = 0, 3*p + 7 = x*a - 2. What is the remainder when 18 is divided by a?
3
Let w(p) = -7*p - 1. Let v(h) = h**3 + 7*h**2 + 6*h - 5. Let o be v(-5). Let r = o + -1. Calculate the remainder when w(-8) is divided by r.
13
Suppose 5*c - 30 = -10. Calculate the remainder when 8 is divided by c.
0
Let b(n) = 5*n**3 + n**2 + 4*n - 1. Let u(d) = 11*d**3 + 3*d**2 + 9*d - 3. Let j(f) = 9*b(f) - 4*u(f). What is the remainder when 5 is divided by j(3)?
2
Suppose 0 = -3*l + 6, -l + 13 = 3*j + l. Suppose -m - j*r + 1 = 0, -m - m + 4*r = -22. What is the remainder when 12 is divided by m?
5
Let q(v) = 11*v**2 - v + 1. What is the remainder when q(1) is divided by 7*(34/7 - 4)?
5
Let l(b) = b**2 - 10*b - 4. Let z(h) = -6*h - 1. Let d be z(-2). Calculate the remainder when l(d) is divided by 4.
3
Suppose -2*j - j = -33. Suppose 5*n = 4*n + 30. What is the remainder when n is divided by j?
8
Suppose -3*c + 21 = -2*c. Suppose 5*h - c = 4. Suppose -4*b - h*o = -55, 0 = o + o - 6. What is the remainder when 18 is divided by b?
8
Let z = -16 - -38. Let x = -37 + 43. What is the remainder when z is divided by x?
4
Suppose -181 = -4*b + 147. Suppose 2*v - b = v. Calculate the remainder when v is divided by 21.
19
Let a = 83 - 58. Suppose 53 = 12*k - 535. Calculate the remainder when k is divided by a.
24
Suppose 0 = -3*w - 4*z + 42, 0*z - 70 = -5*w - 4*z. Calculate the remainder when w is divided by 3.
2
Let f(h) = -8*h - 1. Let b = 56 + -37. What is the remainder when b is divided by f(-1)?
5
Calculate the remainder when 2/10 - 1176/(-70) is divided by 10.
7
Suppose 4*n = 3 + 9. What is the remainder when (-1 + 13)/((-6)/(-4)) is divided by n?
2
Let d(f) = f**3 + 4*f**2 - 3*f - 6. Let p be d(-4). Let s = 10 - p. Suppose -5*x + 20 + 12 = 2*h, 8 = 2*h - x. Calculate the remainder when h is divided by s.
2
Let v = -78 + 134. What is the remainder when v is divided by 8/12*(-57)/(-2)?
18
Let s = 5 + -4. Let d = -2 - s. Calculate the remainder when d + 3 + 4/1 is divided by 3.
1
Let m(d) = d**3 + 3*d**2 + 4. Let j be m(-3). Suppose -3 = -3*l + 3*z, 5*z + j = -l + 11. Suppose l = 2*g - 0. What is the remainder when 2 is divided by g?
0
Suppose -2*b - 14 = -3*b. Let t(c) = 53*c**3 + 2*c - 1. What is the remainder when t(1) is divided by b?
12
Suppose 0 = 3*b - 3*g - 9, 4*g = 3*b - b. What is the remainder when 33*(-3)/((-18)/4) is divided by b?
4
Suppose 2*i = 4*i + 48. Let j = -18 - i. What is the remainder when 23 is divided by j?
5
Suppose u = 2*h - 19, h - 5*u = 6*h - 85. Calculate the remainder when 23 is divided by h.
11
Suppose -5*o = 2*y - 8, -4*o + 17 = 4*y - 23. Suppose -3*f - 3*b - 6 = 0, 0*f - 2*f + y = -4*b. Let m = -1 + 2. Calculate the remainder when f is divided by m.
0
Let q = -30 + 49. What is the remainder when 92 is divided by q?
16
Suppose -3*m + s + 441 = 0, m + s = 5*s + 136. Suppose -5*l + 4*n = -m, -3*l + 2*l - 2*n + 24 = 0. Calculate the remainder when l is divided by 6.
4
Suppose -4*g + 16 = 3*v, 0*g - 5*v = -5*g - 15. What is the remainder when 2 is divided by g?
0
Suppose -18 = -2*g - 2*g + 3*m, 0 = -g - 5*m - 7. Calculate the remainder when 9 is divided by g.
0
Suppose 3*b - 4*n - 11 = -2, -3*b - 4*n + 33 = 0. What is the remainder when 12 is divided by b?
5
Suppose -3*z = 2*z - 15. Let u be (-138)/27*-3*3. Suppose z*o - u = 5. What is the remainder when o is divided by 6?
5
Suppose 4*b + b - 23 = -a, 6 = 2*a. What is the remainder when 5 is divided by b?
1
Let r = 17 + -14. What is the remainder when 11 is divided by r?
2
Suppose -3*q + 7 = -8. Calculate the remainder when 13 is divided by q.
3
Let m(o) = -3*o**3 - 15*o**2 + 14*o + 3. Calculate the remainder when 44 is divided by m(-6).
17
Let g(l) = -2*l - l**2 - 2 + 4*l - l - l**2 - l**3. Calculate the remainder when g(-4) is divided by 10.
6
Suppose 2*z + 27 = 5*z. Let k be (-4)/(-6) - (-183)/z. Suppose 2*o - 19 = k. Calculate the remainder when 58 is divided by o.
18
Let f = 34 - 14. Suppose 4*u + 4*x - 8 = 0, 5*u - 2*x = -6*x + 14. Let d(m) = -m**3 + 5*m**2 + 6*m + 7. Calculate the remainder when f is divided by d(u).
6
Let w(j) = -j**3 - 6*j**2 - 2*j - 6. Let g = -29 - -41. What is the remainder when w(-7) is divided by g?
9
Let k = -25 - -26. Let p = -3 + 4. Calculate the remainder when k is divided by p.
0
Let n be (16/3)/((-2)/(-6)). Suppose -4*k = n, 0 = 5*u + 2*k - k - 61. Calculate the remainder when 22 is divided by u.
9
Let k = -14 - -41. Calculate the remainder when k is divided by 14.
13
Let q = 29 + -14. Suppose -q = -s - 4*s. Calculate the remainder when 10 is divided by s.
1
Let n(g) = g**3 + g + 3. Let t be n(0). Suppose 4*h + t*p + 16 - 116 = 0, 5*h - 144 = p. What is the remainder when h is divided by 10?
8
Let l = 109 - 104. Calculate the remainder when 7 is divided by l.
2
Let h(l) = 2*l**2 + l. Let v be h(-1). Let t = 10 + 41. What is the remainder when t is divided by (-52)/10*(-5)/v?
25
Let g(o) = o**3 - 4*o**2 + 8*o - 12. Let z be g(5). Suppose -5*v + z = 3*j - 7*j, 4*v - 42 = 3*j. What is the remainder when 17 is divided by v?
8
Suppose -2*i + 4*i + 5*z - 12 = 0, 2*z = -5*i + 30. Calculate the remainder when 17 is divided by i.
5
Let h = 27 + -24. Let k = 9 - h. Calculate the remainder when 16 is divided by k.
4
Calculate the remainder when 2/(-2) + (-134)/(-1) is divided by 34.
31
Suppose 3*z = -5*s + 72, z - 5 - 11 = -s. Calculate the remainder when 46 is divided by s.
10
Suppose 0 = -4*k - 4 + 8. Calculate the remainder when 2 is divided by k.
0
Suppose -l + 3*l = 0. Let h = 10 - l. Calculate the remainder when h is divided by 6.
4
Let m = 1 - -6. Let r(l) = -4*l - 150. What is the remainder when r(-46) is divided by m?
6
Let f(h) = -2*h + 43. Calculate the remainder when 113 is divided by f(7).
26
Calculate the remainder when 38/(4/6*3) is divided by 5.
4
Suppose -8*l = 61 - 213. Calculate the remainder when l is divided by 42/4 - (-3)/(-6).
9
Let z be (3/(-2))/((-6)/776). Suppose -2*m = k + 2*m - 24, -5*k - 4*m = -168. Calculate the remainder when k is divided by z/10 + (-4)/10.
17
Let r(s) = -s + 6. Let v be r(3). Suppose 2*x = -o + 33, -60 = -v*o + o - x. Let n = -2 + 17. Calculate the remainder when o is divided by n.
14
Suppose -13 - 44 = -u. Calculate the remainder when u is divided by 30.
27
Suppose 0 = -3*b - 23 + 35. Calculate the remainder when 5 is divided by b.
1
Let m = 40 - 33. What is the remainder when 41 is divided by m?
6
Let f be ((-8)/24)/(2/(-66)). Suppose 3*m - f = -2. Suppose 3*i + 2*v = -v + 189, 0 = m*i - 3*v - 219. Calculate the remainder when i is divided by 23.
22
Let c = -42 + 61. Calculate the remainder when 93 is divided by c.
17
Let z = -123 - -223. Suppose -5*u + z = -0*u. What is the remainder when u is divided by 7?
6
Suppose -2*g + 12 + 30 = 4*x, g + 4*x - 31 = 0. Calculate the remainder when 8/6*(-126)/(-4) is divided by g.
9
Suppose 6*u - 10 = 5*y + u, -50 = 5*y + 5*u. Let 